{"id":1798,"date":"2025-05-17T20:59:25","date_gmt":"2025-05-17T18:59:25","guid":{"rendered":"https:\/\/www.psychania.com\/?page_id=1798"},"modified":"2025-10-14T11:27:37","modified_gmt":"2025-10-14T09:27:37","slug":"elearning","status":"publish","type":"page","link":"https:\/\/www.psychania.com\/index.php\/elearning\/","title":{"rendered":"E-LEARNING"},"content":{"rendered":"\n<p><\/p>\n\n\n\n<div class=\"wp-block-group alignfull has-pale-cyan-blue-background-color has-background\" style=\"margin-top:0;padding-top:5vw;padding-right:5vw;padding-bottom:5vw;padding-left:5vw\"><div class=\"wp-block-group__inner-container is-layout-flow wp-block-group-is-layout-flow\">\n<div class=\"wp-block-group\"><div class=\"wp-block-group__inner-container is-layout-constrained wp-block-group-is-layout-constrained\">\n<div class=\"wp-block-group wp-container-content-9cfa9a5a\"><div class=\"wp-block-group__inner-container is-layout-flow wp-block-group-is-layout-flow\">\n<p class=\"has-text-align-left has-white-color has-text-color has-link-color wp-elements-e38565a888ae4027e3dac8e9f3e84e6d\" style=\"font-size:48px;font-style:normal;font-weight:700;letter-spacing:-4px;line-height:0.8;text-transform:uppercase\"><mark style=\"background-color:rgba(0, 0, 0, 0);color:#2d21ed\" class=\"has-inline-color\">PUBLICATIONS  <\/mark><mark style=\"background-color:rgba(0, 0, 0, 0)\" class=\"has-inline-color has-white-color\">&amp;<\/mark><mark style=\"background-color:rgba(0, 0, 0, 0);color:#2d21ed\" class=\"has-inline-color\"> FORMATIONS<\/mark> <mark style=\"background-color:rgba(0, 0, 0, 0)\" class=\"has-inline-color has-luminous-vivid-orange-color\">EN LIGNE<\/mark><\/p>\n<\/div><\/div>\n<\/div><\/div>\n\n\n\n<figure class=\"wp-block-image size-large is-resized\"><img loading=\"lazy\" decoding=\"async\" width=\"1024\" height=\"9\" src=\"https:\/\/www.psychania.com\/wp-content\/uploads\/2025\/10\/banner2-1024x9.png\" alt=\"\" class=\"wp-image-2689\" style=\"width:2276px;height:auto\" srcset=\"https:\/\/www.psychania.com\/wp-content\/uploads\/2025\/10\/banner2-1024x9.png 1024w, https:\/\/www.psychania.com\/wp-content\/uploads\/2025\/10\/banner2-300x3.png 300w, https:\/\/www.psychania.com\/wp-content\/uploads\/2025\/10\/banner2-768x7.png 768w, https:\/\/www.psychania.com\/wp-content\/uploads\/2025\/10\/banner2-1536x13.png 1536w, https:\/\/www.psychania.com\/wp-content\/uploads\/2025\/10\/banner2-228x2.png 228w, https:\/\/www.psychania.com\/wp-content\/uploads\/2025\/10\/banner2.png 1853w\" sizes=\"auto, (max-width: 1024px) 100vw, 1024px\" \/><\/figure>\n\n\n\n<p><\/p>\n\n\n\n<div class=\"wp-block-group wp-container-content-9cfa9a5a\"><div class=\"wp-block-group__inner-container is-layout-flow wp-block-group-is-layout-flow\">\n<div class=\"wp-block-group\"><div class=\"wp-block-group__inner-container is-layout-constrained wp-block-group-is-layout-constrained\">\n<p class=\"has-text-align-left has-black-color has-text-color\" style=\"font-size:50px\"><strong><mark style=\"background-color:rgba(0, 0, 0, 0)\" class=\"has-inline-color has-black-color\">NEUROSCIENCES<\/mark><\/strong><\/p>\n\n\n\n<p class=\"has-text-align-left has-black-color has-text-color\" style=\"font-size:50px\"><strong><mark style=\"background-color:rgba(0, 0, 0, 0)\" class=\"has-inline-color has-white-color\">pour<\/mark><\/strong><\/p>\n\n\n\n<p class=\"has-text-align-left has-black-color has-text-color\" style=\"font-size:50px\"><strong><mark style=\"background-color:rgba(0, 0, 0, 0)\" class=\"has-inline-color has-vivid-cyan-blue-color\">PSYCHOLOGUES<\/mark><\/strong><\/p>\n\n\n\n<p class=\"has-text-align-left has-black-color has-text-color\" style=\"font-size:50px\"><strong><mark style=\"background-color:rgba(0, 0, 0, 0)\" class=\"has-inline-color has-white-color\">&amp;<\/mark><mark style=\"background-color:rgba(0, 0, 0, 0)\" class=\"has-inline-color has-vivid-purple-color\"> PSYCHANALYSTES<\/mark><\/strong><\/p>\n<\/div><\/div>\n\n\n\n<p class=\"has-text-align-left has-medium-font-size\"><strong><mark style=\"background-color:rgba(0, 0, 0, 0)\" class=\"has-inline-color has-black-color\">Formations en Neurosciences.<\/mark><\/strong><\/p>\n<\/div><\/div>\n\n\n\n<div class=\"wp-block-media-text is-stacked-on-mobile\" style=\"grid-template-columns:42% auto\"><figure class=\"wp-block-media-text__media\"><img loading=\"lazy\" decoding=\"async\" width=\"1024\" height=\"683\" src=\"https:\/\/www.psychania.com\/wp-content\/uploads\/2025\/06\/human_brain_tracktography_neuroscience-1024x683.jpg\" alt=\"\" class=\"wp-image-2100 size-full\" srcset=\"https:\/\/www.psychania.com\/wp-content\/uploads\/2025\/06\/human_brain_tracktography_neuroscience-1024x683.jpg 1024w, https:\/\/www.psychania.com\/wp-content\/uploads\/2025\/06\/human_brain_tracktography_neuroscience-300x200.jpg 300w, https:\/\/www.psychania.com\/wp-content\/uploads\/2025\/06\/human_brain_tracktography_neuroscience-768x512.jpg 768w, https:\/\/www.psychania.com\/wp-content\/uploads\/2025\/06\/human_brain_tracktography_neuroscience-174x116.jpg 174w, https:\/\/www.psychania.com\/wp-content\/uploads\/2025\/06\/human_brain_tracktography_neuroscience.jpg 1200w\" sizes=\"auto, (max-width: 1024px) 100vw, 1024px\" \/><\/figure><div class=\"wp-block-media-text__content\">\n<p class=\"has-black-color has-text-color has-link-color wp-elements-de56c65ff6a0f3ece8a1d7437f237d0b\" style=\"font-size:28px\"><strong><mark style=\"background-color:rgba(0, 0, 0, 0)\" class=\"has-inline-color has-black-color\">Prochainement, en<\/mark><\/strong> <strong>ELEARNING<\/strong><\/p>\n<\/div><\/div>\n\n\n\n<p class=\"has-black-color has-text-color has-link-color has-medium-font-size wp-elements-c7630f6fa5281b7d6cd9216dbf948898\">Les <strong>Neurosciences <\/strong>vivent un essor rapide gr\u00e2ce \u00e0 l&rsquo;innovation technologique, rendant ainsi possible une exploration pr\u00e9cise et approfondie des m\u00e9canismes sous-jacents de la cognition humaine. \u00c0 travers des recherches continues et une compr\u00e9hension accrue de la neurologie, nous pouvons esp\u00e9rer d\u00e9velopper des traitements pour diverses conditions neurologiques et am\u00e9liorer la sant\u00e9 mentale et cognitive tout au long de la vie.<\/p>\n\n\n\n<div class=\"wp-block-buttons is-layout-flex wp-block-buttons-is-layout-flex\">\n<div class=\"wp-block-button\"><a class=\"wp-block-button__link has-white-color has-vivid-cyan-blue-background-color has-text-color has-background has-link-color wp-element-button\" href=\"https:\/\/www.psychania.com\/index.php\/neurosciences\/\" target=\"_blank\" rel=\"noreferrer noopener\">En savoir plus<\/a><\/div>\n<\/div>\n\n\n\n<div class=\"wp-block-group wp-container-content-9cfa9a5a\"><div class=\"wp-block-group__inner-container is-layout-flow wp-block-group-is-layout-flow\">\n<p><\/p>\n<\/div><\/div>\n\n\n\n<div class=\"wp-block-group is-layout-flex wp-container-core-group-is-layout-87ee99ac wp-block-group-is-layout-flex\">\n<div class=\"wp-block-group wp-container-content-9cfa9a5a\"><div class=\"wp-block-group__inner-container is-layout-flow wp-block-group-is-layout-flow\">\n<div class=\"wp-block-group wp-container-content-9cfa9a5a\"><div class=\"wp-block-group__inner-container is-layout-flow wp-block-group-is-layout-flow\">\n<hr class=\"wp-block-separator has-alpha-channel-opacity\"\/>\n<\/div><\/div>\n\n\n\n<h3 class=\"wp-block-heading has-text-align-left has-luminous-vivid-orange-color has-text-color has-link-color wp-elements-e118c89b8c044a37ce4e5235f6728ec8\" style=\"font-size:50px\"><strong><mark style=\"background-color:rgba(0, 0, 0, 0)\" class=\"has-inline-color has-luminous-vivid-orange-color\">DIGITAL DETOX<\/mark><\/strong><\/h3>\n\n\n\n<p class=\"has-black-color has-text-color has-link-color has-medium-font-size wp-elements-d3060fc762833e65f8e4b77f0236c53d\"><strong>Nous sommes devenus des hyperconnect\u00e9s !<\/strong><\/p>\n\n\n\n<p class=\"has-text-align-left has-black-color has-text-color has-link-color has-large-font-size wp-elements-393d94a0419ead74f6de197115090d24\"><strong>mini-formation<\/strong><\/p>\n<\/div><\/div>\n<\/div>\n\n\n\n<p><\/p>\n\n\n\n<div class=\"wp-block-media-text is-stacked-on-mobile\" style=\"grid-template-columns:40% auto\"><figure class=\"wp-block-media-text__media\"><img loading=\"lazy\" decoding=\"async\" width=\"1024\" height=\"1024\" src=\"https:\/\/www.psychania.com\/wp-content\/uploads\/2025\/10\/child-in-his-bed-looking-a-tablet-1024x1024.jpg\" alt=\"\" class=\"wp-image-2632 size-full\" srcset=\"https:\/\/www.psychania.com\/wp-content\/uploads\/2025\/10\/child-in-his-bed-looking-a-tablet-1024x1024.jpg 1024w, https:\/\/www.psychania.com\/wp-content\/uploads\/2025\/10\/child-in-his-bed-looking-a-tablet-300x300.jpg 300w, https:\/\/www.psychania.com\/wp-content\/uploads\/2025\/10\/child-in-his-bed-looking-a-tablet-150x150.jpg 150w, https:\/\/www.psychania.com\/wp-content\/uploads\/2025\/10\/child-in-his-bed-looking-a-tablet-768x768.jpg 768w, https:\/\/www.psychania.com\/wp-content\/uploads\/2025\/10\/child-in-his-bed-looking-a-tablet-1536x1536.jpg 1536w, https:\/\/www.psychania.com\/wp-content\/uploads\/2025\/10\/child-in-his-bed-looking-a-tablet-116x116.jpg 116w, https:\/\/www.psychania.com\/wp-content\/uploads\/2025\/10\/child-in-his-bed-looking-a-tablet.jpg 2048w\" sizes=\"auto, (max-width: 1024px) 100vw, 1024px\" \/><\/figure><div class=\"wp-block-media-text__content\">\n<p class=\"has-black-color has-text-color has-link-color has-medium-font-size wp-elements-5bd65c96b52f47e17989b6d7190c51b7\"><strong>Effets de la surcharge num\u00e9rique sur les adultes, les adolescents et les enfants.<\/strong><\/p>\n\n\n\n<p><\/p>\n\n\n\n<p><\/p>\n<\/div><\/div>\n\n\n\n<div class=\"wp-block-group is-layout-flex wp-container-core-group-is-layout-87ee99ac wp-block-group-is-layout-flex\">\n<div class=\"wp-block-group wp-container-content-9cfa9a5a\"><div class=\"wp-block-group__inner-container is-layout-flow wp-block-group-is-layout-flow\">\n<p class=\"has-black-color has-text-color has-link-color has-medium-font-size wp-elements-9f111b388f080977ed4ac7ee78e85219\"><strong>L\u2019addiction aux \u00e9crans<\/strong> est un ph\u00e9nom\u00e8ne qui s\u2019est consid\u00e9rablement amplifi\u00e9 avec la d\u00e9mocratisation des technologies num\u00e9riques. Smartphones, tablettes, ordinateurs et t\u00e9l\u00e9visions sont omnipr\u00e9sents dans le quotidien, modifiant les comportements, ainsi que la sant\u00e9 mentale et physique.<\/p>\n<\/div><\/div>\n<\/div>\n\n\n\n<div class=\"wp-block-group is-layout-flex wp-container-core-group-is-layout-87ee99ac wp-block-group-is-layout-flex\">\n<div class=\"wp-block-group wp-container-content-9cfa9a5a\"><div class=\"wp-block-group__inner-container is-layout-flow wp-block-group-is-layout-flow\">\n<div class=\"wp-block-buttons is-layout-flex wp-block-buttons-is-layout-flex\">\n<div class=\"wp-block-button\"><a class=\"wp-block-button__link has-white-color has-vivid-cyan-blue-background-color has-text-color has-background has-link-color wp-element-button\" href=\"https:\/\/www.psychania.com\/index.php\/digital-detox\/\" target=\"_blank\" rel=\"noreferrer noopener\">En savoir plus<\/a><\/div>\n<\/div>\n<\/div><\/div>\n<\/div>\n\n\n\n<div class=\"wp-block-group wp-container-content-9cfa9a5a\"><div class=\"wp-block-group__inner-container is-layout-flow wp-block-group-is-layout-flow\">\n<p><\/p>\n<\/div><\/div>\n\n\n\n<hr class=\"wp-block-separator has-alpha-channel-opacity\"\/>\n\n\n\n<div class=\"wp-block-group wp-container-content-9cfa9a5a\"><div class=\"wp-block-group__inner-container is-layout-flow wp-block-group-is-layout-flow\">\n<div class=\"wp-block-group\"><div class=\"wp-block-group__inner-container is-layout-constrained wp-block-group-is-layout-constrained\">\n<p class=\"has-text-align-left has-black-color has-text-color\" style=\"font-size:50px\"><strong><mark style=\"background-color:rgba(0, 0, 0, 0)\" class=\"has-inline-color has-black-color\">Education<\/mark><mark style=\"background-color:rgba(0, 0, 0, 0)\" class=\"has-inline-color has-white-color\"> &amp;<\/mark><\/strong><\/p>\n\n\n\n<p class=\"has-text-align-left has-vivid-cyan-blue-color has-text-color\" style=\"font-size:50px\"><strong>Droits des enfants<\/strong><\/p>\n<\/div><\/div>\n<\/div><\/div>\n\n\n\n<div class=\"wp-block-media-text is-stacked-on-mobile\" style=\"grid-template-columns:42% auto\"><figure class=\"wp-block-media-text__media\"><img loading=\"lazy\" decoding=\"async\" width=\"334\" height=\"331\" src=\"https:\/\/www.psychania.com\/wp-content\/uploads\/2025\/10\/BoyGirl_inclassroom.png\" alt=\"\" class=\"wp-image-2684 size-full\" srcset=\"https:\/\/www.psychania.com\/wp-content\/uploads\/2025\/10\/BoyGirl_inclassroom.png 334w, https:\/\/www.psychania.com\/wp-content\/uploads\/2025\/10\/BoyGirl_inclassroom-300x297.png 300w, https:\/\/www.psychania.com\/wp-content\/uploads\/2025\/10\/BoyGirl_inclassroom-150x150.png 150w, https:\/\/www.psychania.com\/wp-content\/uploads\/2025\/10\/BoyGirl_inclassroom-117x116.png 117w\" sizes=\"auto, (max-width: 334px) 100vw, 334px\" \/><\/figure><div class=\"wp-block-media-text__content\">\n<p class=\"has-black-color has-text-color has-link-color wp-elements-447115dcab0d6d998a27bf06ecc74dc9\" style=\"font-size:28px\"><strong>Parlons Education !<\/strong><\/p>\n<\/div><\/div>\n\n\n\n<p class=\"has-black-color has-text-color has-link-color has-medium-font-size wp-elements-5a14f5858b5cc83bb41ed805f520eaf3\">L<strong>es droits de l\u2019Enfant apparaissent tardivement,\u00a0Novembre 1959\u2026<\/strong><\/p>\n\n\n\n<p class=\"has-black-color has-text-color has-link-color has-medium-font-size wp-elements-3a63fb1293d1a3eedb5f16e7133a49c9\"><strong>C\u2019est Fran\u00e7oise DOLTO qui a mis fin au \u00ab\u00a0dressage\u00a0\u00bb des enfants, <u>on commence alors \u00e0 parler d\u2019\u00e9ducation.<\/u><\/strong><\/p>\n\n\n\n<p class=\"has-black-color has-text-color has-link-color has-medium-font-size wp-elements-4fc61a2aa0ff027f3207a4026c6622a2\">Elle n\u2019a pas vant\u00e9 l\u2019enfant roi, et il n\u2019est pas question de satisfaire l\u2019enfant \u00e0 chaque fois, mais de l\u2019entendre dans l\u2019expression de ses besoins.<\/p>\n\n\n\n<div class=\"wp-block-buttons is-layout-flex wp-block-buttons-is-layout-flex\">\n<div class=\"wp-block-button\"><a class=\"wp-block-button__link has-white-color has-vivid-cyan-blue-background-color has-text-color has-background has-link-color wp-element-button\" href=\"https:\/\/www.psychania.com\/wp-content\/uploads\/2025\/05\/EducationDroits_Enfant_PSYCHANIA.pdf\" target=\"_blank\" rel=\"noreferrer noopener\">En savoir plus<\/a><\/div>\n<\/div>\n\n\n\n<p><\/p>\n\n\n\n<hr class=\"wp-block-separator has-alpha-channel-opacity\"\/>\n\n\n\n<p class=\"has-text-align-left has-black-color has-text-color\" style=\"font-size:50px\"><strong><mark style=\"background-color:rgba(0, 0, 0, 0)\" class=\"has-inline-color has-black-color\">Psychanalyse<\/mark><mark style=\"background-color:rgba(0, 0, 0, 0)\" class=\"has-inline-color has-white-color\"> &amp;<\/mark><\/strong><\/p>\n\n\n\n<p class=\"has-text-align-left has-vivid-cyan-blue-color has-text-color\" style=\"font-size:50px\"><strong>Neurosciences<\/strong><\/p>\n\n\n\n<div class=\"wp-block-media-text is-stacked-on-mobile\" style=\"grid-template-columns:39% auto\"><figure class=\"wp-block-media-text__media\"><img loading=\"lazy\" decoding=\"async\" width=\"600\" height=\"600\" src=\"https:\/\/www.psychania.com\/wp-content\/uploads\/2025\/10\/Caudate_nucleus.gif\" alt=\"\" class=\"wp-image-2633 size-full\"\/><\/figure><div class=\"wp-block-media-text__content\">\n<p class=\"has-black-color has-text-color has-link-color has-medium-font-size wp-elements-c9309bd9f4c5d2b6663060e43ab88213\"><strong>Promouvoir la recherche interdisciplinaire alliant psychanalyse et neurosciences<\/strong><\/p>\n<\/div><\/div>\n\n\n\n<p class=\"has-black-color has-text-color has-link-color has-medium-font-size wp-elements-2a646cdd3513fe5742b65a71520e1123\">On peut envisager que <strong>pour mieux comprendre les processus psychologiques<\/strong> il est n\u00e9cessaire de tenir compte des <strong>m\u00e9canismes neurologiques<\/strong>. On peut ainsi \u00e9tablir des ponts entre les <strong>th\u00e9ories psychanalytiques<\/strong> et les recherches et <strong>d\u00e9couvertes en neurosciences<\/strong>.<\/p>\n\n\n\n<div class=\"wp-block-buttons is-layout-flex wp-block-buttons-is-layout-flex\">\n<div class=\"wp-block-button\"><a class=\"wp-block-button__link has-white-color has-vivid-cyan-blue-background-color has-text-color has-background has-link-color wp-element-button\" href=\"https:\/\/www.psychania.com\/wp-content\/uploads\/2024\/12\/NeuroPsychanalyse_9nov2024LYON-1.pdf\" target=\"_blank\" rel=\"noreferrer noopener\">En savoir plus<\/a><\/div>\n<\/div>\n\n\n\n<p><\/p>\n\n\n\n<hr class=\"wp-block-separator has-alpha-channel-opacity\"\/>\n\n\n\n<p><\/p>\n\n\n\n<p class=\"has-text-align-center has-x-large-font-size\" style=\"font-style:normal;font-weight:500\"><\/p>\n\n\n\n<p><\/p>\n\n\n\n<p><\/p>\n\n\n\n<p><\/p>\n\n\n\n<p><\/p>\n\n\n\n<p><\/p>\n\n\n\n<p><\/p>\n\n\n\n<p><\/p>\n\n\n\n<p><\/p>\n\n\n\n<p><\/p>\n\n\n\n<p><\/p>\n\n\n\n<p><\/p>\n\n\n\n<p><\/p>\n\n\n\n<p><\/p>\n\n\n\n<p><\/p>\n\n\n\n<p><\/p>\n\n\n\n<p><\/p>\n\n\n\n<p><\/p>\n\n\n\n<p><\/p>\n\n\n\n<p><\/p>\n<\/div><\/div>\n","protected":false},"excerpt":{"rendered":"<p>PUBLICATIONS &amp; FORMATIONS EN LIGNE NEUROSCIENCES pour PSYCHOLOGUES &amp; PSYCHANALYSTES Formations en Neurosciences. Prochainement, en ELEARNING Les Neurosciences vivent un &hellip; <a href=\"https:\/\/www.psychania.com\/index.php\/elearning\/\" class=\"more-link\">Continue reading <span class=\"screen-reader-text\">E-LEARNING<\/span><\/a><\/p>\n","protected":false},"author":1,"featured_media":1576,"parent":0,"menu_order":0,"comment_status":"closed","ping_status":"closed","template":"page-templates\/full-width.php","meta":{"footnotes":""},"class_list":["post-1798","page","type-page","status-publish","has-post-thumbnail","hentry"],"jetpack_sharing_enabled":true,"_links":{"self":[{"href":"https:\/\/www.psychania.com\/index.php\/wp-json\/wp\/v2\/pages\/1798","targetHints":{"allow":["GET"]}}],"collection":[{"href":"https:\/\/www.psychania.com\/index.php\/wp-json\/wp\/v2\/pages"}],"about":[{"href":"https:\/\/www.psychania.com\/index.php\/wp-json\/wp\/v2\/types\/page"}],"author":[{"embeddable":true,"href":"https:\/\/www.psychania.com\/index.php\/wp-json\/wp\/v2\/users\/1"}],"replies":[{"embeddable":true,"href":"https:\/\/www.psychania.com\/index.php\/wp-json\/wp\/v2\/comments?post=1798"}],"version-history":[{"count":151,"href":"https:\/\/www.psychania.com\/index.php\/wp-json\/wp\/v2\/pages\/1798\/revisions"}],"predecessor-version":[{"id":2682,"href":"https:\/\/www.psychania.com\/index.php\/wp-json\/wp\/v2\/pages\/1798\/revisions\/2682"}],"wp:featuredmedia":[{"embeddable":true,"href":"https:\/\/www.psychania.com\/index.php\/wp-json\/wp\/v2\/media\/1576"}],"wp:attachment":[{"href":"https:\/\/www.psychania.com\/index.php\/wp-json\/wp\/v2\/media?parent=1798"}],"curies":[{"name":"wp","href":"https:\/\/api.w.org\/{rel}","templated":true}]}}